{"id":235,"date":"2023-10-17T09:43:57","date_gmt":"2023-10-17T09:43:57","guid":{"rendered":"https:\/\/sfarquitetos.zoominstudio.pt\/dev\/?page_id=235"},"modified":"2023-12-12T10:47:23","modified_gmt":"2023-12-12T10:47:23","slug":"espaco-de-apoio-a-visitacao","status":"publish","type":"page","link":"https:\/\/sfarquitetos.com\/en\/espaco-de-apoio-a-visitacao\/","title":{"rendered":"Espa\u00e7o de Apoio \u00e0 Visita\u00e7\u00e3o"},"content":{"rendered":"[mk_page_section][vc_column][mk_gallery images=&#8221;250,251,252,253,254&#8243; style=&#8221;style1&#8243; item_spacing=&#8221;1&#8243; margin_bottom=&#8221;1&#8243;][\/vc_column][\/mk_page_section][mk_page_section padding_top=&#8221;100&#8243; top_shape_bg_color=&#8221;#6b6b6b&#8221; sidebar=&#8221;sidebar-1&#8243;][vc_column width=&#8221;2\/3&#8243;][mk_fancy_title color=&#8221;#0a0a0a&#8221; size=&#8221;35&#8243; font_weight=&#8221;400&#8243; txt_transform=&#8221;uppercase&#8221; margin_bottom=&#8221;0&#8243; font_family=&#8221;none&#8221;]Visitation Support Space[\/mk_fancy_title][mk_fancy_title color=&#8221;#0a0a0a&#8221; size=&#8221;15&#8243; font_weight=&#8221;400&#8243; txt_transform=&#8221;uppercase&#8221; font_family=&#8221;none&#8221;]Tourism \/ Sabrosa \/ February 16, 2023[\/mk_fancy_title][vc_column_text css=&#8221;.vc_custom_1702377911986{margin-bottom: 0px !important;}&#8221;]The Visitation Support Space project was developed based on an old primary school, more specifically a primary school from the Estado Novo years.<\/p>\n<p>From a preliminary stage of the process, more specifically after the visit to the site, the need to maintain the pre-existence as much as possible was considered crucial, with the intended program for the building adapting to this space.<br \/>\nTherefore, there was a need to make some changes to the existing building. It was therefore proposed that some demolitions be carried out, namely the storage spaces, porches and sanitary facilities, these being clearly areas for expansions subsequent to the initial construction date of the building.<\/p>\n<p>The demolitions did not compromise the historical and architectural character of the building. Therefore, it was decided to maintain all the stereotomy and materiality of the building and in the expansion to make a difference through the choice of materials, namely cork as the exterior covering with a pattern of different dimensions both in height and thickness. The choice of this material was also thought of as an allusion to the cork boards that were used in schools to display drawings, notices, attendance sheets, among other elements that were considered relevant at the time.<\/p>\n<p>At a programmatic level, the proposal was designed as follows, the existing building housed the users&#8217; private spaces (bedrooms and sanitary facilities on each side of the building, reception, access stairs and storage in the central space and on the 2nd floor, bedroom and storage also in on each side of the building), the building to be expanded but still \u201cattached\u201d to the existing building was placed the common space (leisure area) and in the other part to be expanded but separated by a glazed volume, the refectory and support sanitary facilities were designed. to the public, entrance area, cafeteria counter, kitchen and respective support compartments.<\/p>\n<p>Being a building from the time of the Estado Novo, a symmetry was observed that marked both the main elevation and its division into \u201cMale Sex\u201d and \u201cFemale Sex\u201d, a point that we found interesting to maintain, opting for maintain this division by placing the bedrooms (which function as dormitories, based on bunk beds) and the sanitary facilities for each gender, that is, each gender in a part of the building, with the reception as a \u201cjoint\u201d connecting the spaces.<\/p>\n<p>The bunk beds used are completely individual and have an independent light and electricity point.<\/p>\n<p>The project sought to foster the relationship between users of the new space and the local community, through the improvement of the space to the north where there is a small volume for worship and the synergy of the building and the new outdoor spaces.<\/p>\n<p>The architectural value of pre-existence was incorporated into the design of the new use. The functional conversion does not \u201cerase\u201d the memory of the existing building, but enhances its presence in the urban landscape. An old primary school is transformed into a multifaceted space with a project\/work that aims to be the motto for the revitalization of an area\/parish peripheral to the urban center of the municipality.<\/p>\n<p>Despite the new use, the historical value has been preserved. The original property had its fundamental elements preserved, such as the main facade and its distribution.<\/p>\n<p>Whether in the design or in the choice of materials, we tried to intervene in a simple and refined way. Formally, the proposal is based on a simple language using the smallest number of materials, with all the materials chosen being designed in a close relationship with the former use of the building.[\/vc_column_text][\/vc_column][vc_column width=&#8221;1\/3&#8243;][vc_empty_space height=&#8221;64px&#8221;][mk_fancy_title color=&#8221;#0a0a0a&#8221; size=&#8221;15&#8243; font_weight=&#8221;400&#8243; txt_transform=&#8221;uppercase&#8221; font_family=&#8221;none&#8221;]DATASHEET[\/mk_fancy_title][vc_column_text disable_pattern=&#8221;false&#8221; css=&#8221;.vc_custom_1702377999850{margin-bottom: 0px !important;}&#8221;]<strong>PROJECT<\/strong> \/ CASA MP<br \/>\n<strong>LOCATION<\/strong> \/ ANDR\u00c3ES, VILA REAL<br \/>\n<strong>ARCHITECTURE<\/strong> \/ SFA &#8211; S\u00c9RGIO FERREIRA ARCHITECTS<br \/>\n<strong>RESPONSIBLE ARCHITECT<\/strong> \/ S\u00c9RGIO FERREIRA<br \/>\n<strong>CONSTRUCTOR<\/strong> \/ CCR CONSTRU\u00c7\u00d5ES<br \/>\n<strong>CONSTRUCTION YEAR<\/strong> \/ 2018[\/vc_column_text][\/vc_column][\/mk_page_section][mk_page_section padding_top=&#8221;50&#8243; padding_bottom=&#8221;200&#8243; sidebar=&#8221;sidebar-1&#8243;][vc_column][mk_image_switch src_first=&#8221;https:\/\/sfarquitetos.zoominstudio.pt\/dev\/wp-content\/uploads\/2023\/10\/botao_back_1-1.jpg&#8221; src_second=&#8221;https:\/\/sfarquitetos.zoominstudio.pt\/dev\/wp-content\/uploads\/2023\/10\/botao_back_2-1.jpg&#8221; image_width=&#8221;150&#8243; image_height=&#8221;150&#8243; crop=&#8221;false&#8221; link=&#8221;url:https%3A%2F%2Fsfarquitetos.com%2Fen%2F%23projects&#8221;][\/vc_column][\/mk_page_section]\n","protected":false},"excerpt":{"rendered":"<p>[mk_page_section][vc_column][mk_gallery images=&#8221;250,251,252,253,254&#8243; style=&#8221;style1&#8243; item_spacing=&#8221;1&#8243; margin_bottom=&#8221;1&#8243;][\/vc_column][\/mk_page_section][mk_page_section padding_top=&#8221;100&#8243; top_shape_bg_color=&#8221;#6b6b6b&#8221; sidebar=&#8221;sidebar-1&#8243;][vc_column width=&#8221;2\/3&#8243;][mk_fancy_title color=&#8221;#0a0a0a&#8221; size=&#8221;35&#8243; font_weight=&#8221;400&#8243; txt_transform=&#8221;uppercase&#8221; margin_bottom=&#8221;0&#8243; font_family=&#8221;none&#8221;]Visitation Support Space[\/mk_fancy_title][mk_fancy_title color=&#8221;#0a0a0a&#8221; size=&#8221;15&#8243; font_weight=&#8221;400&#8243; txt_transform=&#8221;uppercase&#8221; font_family=&#8221;none&#8221;]Tourism \/ Sabrosa \/ February 16, 2023[\/mk_fancy_title][vc_column_text css=&#8221;.vc_custom_1702377911986{margin-bottom: 0px !important;}&#8221;]The Visitation Support Space project was developed based on an old primary school, more specifically a primary school from the Estado Novo years. From a [&hellip;]<\/p>\n","protected":false},"author":1,"featured_media":0,"parent":0,"menu_order":0,"comment_status":"closed","ping_status":"closed","template":"","meta":{"footnotes":""},"class_list":["post-235","page","type-page","status-publish","hentry"],"_links":{"self":[{"href":"https:\/\/sfarquitetos.com\/en\/wp-json\/wp\/v2\/pages\/235","targetHints":{"allow":["GET"]}}],"collection":[{"href":"https:\/\/sfarquitetos.com\/en\/wp-json\/wp\/v2\/pages"}],"about":[{"href":"https:\/\/sfarquitetos.com\/en\/wp-json\/wp\/v2\/types\/page"}],"author":[{"embeddable":true,"href":"https:\/\/sfarquitetos.com\/en\/wp-json\/wp\/v2\/users\/1"}],"replies":[{"embeddable":true,"href":"https:\/\/sfarquitetos.com\/en\/wp-json\/wp\/v2\/comments?post=235"}],"version-history":[{"count":2,"href":"https:\/\/sfarquitetos.com\/en\/wp-json\/wp\/v2\/pages\/235\/revisions"}],"predecessor-version":[{"id":339,"href":"https:\/\/sfarquitetos.com\/en\/wp-json\/wp\/v2\/pages\/235\/revisions\/339"}],"wp:attachment":[{"href":"https:\/\/sfarquitetos.com\/en\/wp-json\/wp\/v2\/media?parent=235"}],"curies":[{"name":"wp","href":"https:\/\/api.w.org\/{rel}","templated":true}]}}

Espaço de Apoio à Visitação

[mk_page_section][vc_column][mk_gallery images=&#8221;250,251,252,253,254&#8243; style=&#8221;style1&#8243; item_spacing=&#8221;1&#8243; margin_bottom=&#8221;1&#8243;][/vc_column][/mk_page_section][mk_page_section padding_top=&#8221;100&#8243; top_shape_bg_color=&#8221;#6b6b6b&#8221; sidebar=&#8221;sidebar-1&#8243;][vc_column width=&#8221;2/3&#8243;][mk_fancy_title color=&#8221;#0a0a0a&#8221; size=&#8221;35&#8243; font_weight=&#8221;400&#8243; txt_transform=&#8221;uppercase&#8221; margin_bottom=&#8221;0&#8243; font_family=&#8221;none&#8221;]Visitation Support Space[/mk_fancy_title][mk_fancy_title color=&#8221;#0a0a0a&#8221; size=&#8221;15&#8243; font_weight=&#8221;400&#8243; txt_transform=&#8221;uppercase&#8221; font_family=&#8221;none&#8221;]Tourism / Sabrosa / February 16, 2023[/mk_fancy_title][vc_column_text css=&#8221;.vc_custom_1702377911986{margin-bottom: 0px !important;}&#8221;]The Visitation Support Space project was developed based on an old primary school, more specifically a primary school from the Estado Novo years.</p>
<p>From a preliminary stage of the process, more specifically after the visit to the site, the need to maintain the pre-existence as much as possible was considered crucial, with the intended program for the building adapting to this space.<br />
Therefore, there was a need to make some changes to the existing building. It was therefore proposed that some demolitions be carried out, namely the storage spaces, porches and sanitary facilities, these being clearly areas for expansions subsequent to the initial construction date of the building.</p>
<p>The demolitions did not compromise the historical and architectural character of the building. Therefore, it was decided to maintain all the stereotomy and materiality of the building and in the expansion to make a difference through the choice of materials, namely cork as the exterior covering with a pattern of different dimensions both in height and thickness. The choice of this material was also thought of as an allusion to the cork boards that were used in schools to display drawings, notices, attendance sheets, among other elements that were considered relevant at the time.</p>
<p>At a programmatic level, the proposal was designed as follows, the existing building housed the users&#8217; private spaces (bedrooms and sanitary facilities on each side of the building, reception, access stairs and storage in the central space and on the 2nd floor, bedroom and storage also in on each side of the building), the building to be expanded but still “attached” to the existing building was placed the common space (leisure area) and in the other part to be expanded but separated by a glazed volume, the refectory and support sanitary facilities were designed. to the public, entrance area, cafeteria counter, kitchen and respective support compartments.</p>
<p>Being a building from the time of the Estado Novo, a symmetry was observed that marked both the main elevation and its division into “Male Sex” and “Female Sex”, a point that we found interesting to maintain, opting for maintain this division by placing the bedrooms (which function as dormitories, based on bunk beds) and the sanitary facilities for each gender, that is, each gender in a part of the building, with the reception as a “joint” connecting the spaces.</p>
<p>The bunk beds used are completely individual and have an independent light and electricity point.</p>
<p>The project sought to foster the relationship between users of the new space and the local community, through the improvement of the space to the north where there is a small volume for worship and the synergy of the building and the new outdoor spaces.</p>
<p>The architectural value of pre-existence was incorporated into the design of the new use. The functional conversion does not “erase” the memory of the existing building, but enhances its presence in the urban landscape. An old primary school is transformed into a multifaceted space with a project/work that aims to be the motto for the revitalization of an area/parish peripheral to the urban center of the municipality.</p>
<p>Despite the new use, the historical value has been preserved. The original property had its fundamental elements preserved, such as the main facade and its distribution.</p>
<p>Whether in the design or in the choice of materials, we tried to intervene in a simple and refined way. Formally, the proposal is based on a simple language using the smallest number of materials, with all the materials chosen being designed in a close relationship with the former use of the building.[/vc_column_text][/vc_column][vc_column width=&#8221;1/3&#8243;][vc_empty_space height=&#8221;64px&#8221;][mk_fancy_title color=&#8221;#0a0a0a&#8221; size=&#8221;15&#8243; font_weight=&#8221;400&#8243; txt_transform=&#8221;uppercase&#8221; font_family=&#8221;none&#8221;]DATASHEET[/mk_fancy_title][vc_column_text disable_pattern=&#8221;false&#8221; css=&#8221;.vc_custom_1702377999850{margin-bottom: 0px !important;}&#8221;]<strong>PROJECT</strong> / CASA MP<br />
<strong>LOCATION</strong> / ANDRÃES, VILA REAL<br />
<strong>ARCHITECTURE</strong> / SFA &#8211; SÉRGIO FERREIRA ARCHITECTS<br />
<strong>RESPONSIBLE ARCHITECT</strong> / SÉRGIO FERREIRA<br />
<strong>CONSTRUCTOR</strong> / CCR CONSTRUÇÕES<br />
<strong>CONSTRUCTION YEAR</strong> / 2018[/vc_column_text][/vc_column][/mk_page_section][mk_page_section padding_top=&#8221;50&#8243; padding_bottom=&#8221;200&#8243; sidebar=&#8221;sidebar-1&#8243;][vc_column][mk_image_switch src_first=&#8221;https://sfarquitetos.zoominstudio.pt/dev/wp-content/uploads/2023/10/botao_back_1-1.jpg&#8221; src_second=&#8221;https://sfarquitetos.zoominstudio.pt/dev/wp-content/uploads/2023/10/botao_back_2-1.jpg&#8221; image_width=&#8221;150&#8243; image_height=&#8221;150&#8243; crop=&#8221;false&#8221; link=&#8221;url:https%3A%2F%2Fsfarquitetos.com%2Fen%2F%23projects&#8221;][/vc_column][/mk_page_section]
