{"id":166,"date":"2023-10-16T21:04:38","date_gmt":"2023-10-16T21:04:38","guid":{"rendered":"https:\/\/sfarquitetos.zoominstudio.pt\/dev\/?page_id=166"},"modified":"2023-12-12T11:05:12","modified_gmt":"2023-12-12T11:05:12","slug":"casa-bisalhaes","status":"publish","type":"page","link":"https:\/\/sfarquitetos.com\/pt\/casa-bisalhaes\/","title":{"rendered":"Casa Bisalh\u00e3es"},"content":{"rendered":"[mk_page_section][vc_column][mk_gallery images=&#8221;209,210,212,213,214,215&#8243; style=&#8221;style1&#8243; item_spacing=&#8221;1&#8243; margin_bottom=&#8221;1&#8243;][\/vc_column][\/mk_page_section][mk_page_section padding_top=&#8221;100&#8243; top_shape_bg_color=&#8221;#6b6b6b&#8221; sidebar=&#8221;sidebar-1&#8243;][vc_column width=&#8221;2\/3&#8243;][mk_fancy_title color=&#8221;#0a0a0a&#8221; size=&#8221;35&#8243; font_weight=&#8221;400&#8243; margin_bottom=&#8221;0&#8243; font_family=&#8221;none&#8221;]CASA BISALH\u00c3ES[\/mk_fancy_title][mk_fancy_title color=&#8221;#0a0a0a&#8221; size=&#8221;15&#8243; font_weight=&#8221;400&#8243; txt_transform=&#8221;uppercase&#8221; font_family=&#8221;none&#8221;]Habita\u00e7\u00e3o unifamiliar \/ Vila Real \/ 15 de Dezembro, 2021[\/mk_fancy_title][vc_column_text css=&#8221;.vc_custom_1697532224454{margin-bottom: 0px !important;}&#8221;]Casa Bisalh\u00e3es\u00a0\u00e9 uma resid\u00eancia projetada para uma nova fam\u00edlia a partir de uma preexist\u00eancia em alvenaria de granito composta por dois pisos, tendo o piso superior funcionado como moradia, e o piso inferior como lagar para produ\u00e7\u00e3o de vinho e \u201catelier\u201d para a produ\u00e7\u00e3o do \u201cbarro preto de Bisalh\u00e3es\u201d.<\/p>\n<p>Bisalh\u00e3es\u00a0\u00e9 uma aldeia situada na encosta sul da freguesia de\u00a0Mondr\u00f5es, concelho de\u00a0Vila Real,\u00a0em\u00a0Portugal, sendo c\u00e9lebre pela olaria de Bisalh\u00e3es, mais conhecida por \u201cbarro preto de Bisalh\u00e3es\u201d, cujo fabrico da\u00a0Olaria Negra\u00a0foi declarado Patrim\u00f3nio Cultural Imaterial da Unesco em 29 de novembro de 2016, processo de confe\u00e7\u00e3o esse que remonta, pelo menos, ao s\u00e9culo XVI.<br \/>\nEstando, logo \u00e0 partida, \u201ccondicionado\u201d pela exist\u00eancia de uma edifica\u00e7\u00e3o abandonada e em ru\u00ednas, que outrora servira de habita\u00e7\u00e3o dos familiares e a qual, se pretendia, de certo modo, manter\/adaptar para assim permanecer como mem\u00f3ria futura, o conceito do projeto come\u00e7ou a partir do estudo do local e da sua hist\u00f3ria, bem como da analise da envolvente e caracter\u00edsticas do terreno, o que permitiu entender, as alturas dos edif\u00edcios vizinhos e as vistas privilegiadas sobre a Serra do Alv\u00e3o a Poente, possibilitando prever o local exato de cada uma das fun\u00e7\u00f5es da casa.<\/p>\n<p>Tendo em conta essas premissas e as caracter\u00edsticas da preexist\u00eancia, optou-se por organizar a moradia em meios pisos, em que o volume novo incorpora parte do volume preexistente. Assim, a habita\u00e7\u00e3o, abriga, no piso superior, tr\u00eas dormit\u00f3rios, sendo um deles o quarto principal. No piso interm\u00e9dio logo abaixo fica o escrit\u00f3rio. Mais abaixo, no r\u00e9s-do-ch\u00e3o, localizam-se as zonas comuns, garagem e zona de apoio e por fim, no piso mais abaixo, fica, a zona de lazer.<\/p>\n<p>A forma como foi organizada a moradia, possibilita, que as zonas comuns e a zona de entrada, bem como ao sair de qualquer compartimento da casa se possa desfrutar do glamour proporcionado pelo granito da preexist\u00eancia e tudo o que ela representa e simboliza para a fam\u00edlia. Parte da edifica\u00e7\u00e3o existente foi ainda aproveitada para criar um jardim exterior rodeado por uma esp\u00e9cie de ru\u00edna para onde est\u00e3o voltados o escrit\u00f3rio e a zona de lazer de modo a proporcionar um ambiente tranquilo e encantador.<\/p>\n<p>\u00c9 perfeitamente percet\u00edvel, atrav\u00e9s da cor dos revestimentos e materiais exteriores na parte mais recuada das fachadas e no interior da moradia, a alus\u00e3o ao \u201cbarro preto de Bisalh\u00e3es\u201d.[\/vc_column_text][\/vc_column][vc_column width=&#8221;1\/3&#8243;][vc_empty_space height=&#8221;64px&#8221;][mk_fancy_title color=&#8221;#0a0a0a&#8221; size=&#8221;15&#8243; font_weight=&#8221;400&#8243; txt_transform=&#8221;uppercase&#8221; font_family=&#8221;none&#8221;]FICHA T\u00c9CNICA[\/mk_fancy_title][vc_column_text disable_pattern=&#8221;false&#8221; css=&#8221;.vc_custom_1697533211500{margin-bottom: 0px !important;}&#8221;]<strong>PROJETO<\/strong> \/ CASA BISALH\u00c3ES<br \/>\n<strong>LOCALIZA\u00c7\u00c3O<\/strong> \/ BISALH\u00c3ES, MONDR\u00d5ES, VILA REAL<br \/>\n<strong>ARQUITECTURA<\/strong> \/ SFA &#8211; S\u00c9RGIO FERREIRA ARQUITETOS<br \/>\n<strong>ARQUITETO RESPONS\u00c1VEL<\/strong> \/ S\u00c9RGIO FERREIRA<br \/>\n<strong>\u00c1REA BRUTA DE CONSTRU\u00c7\u00c3O<\/strong> \/ 510,00M2<br \/>\n<strong>ANO DE CONSTRU\u00c7\u00c3O<\/strong> \/ 2017[\/vc_column_text][\/vc_column][\/mk_page_section][mk_page_section padding_top=&#8221;50&#8243; padding_bottom=&#8221;200&#8243; sidebar=&#8221;sidebar-1&#8243;][vc_column][mk_image_switch src_first=&#8221;https:\/\/sfarquitetos.com\/pt\/wp-content\/uploads\/2023\/10\/botao_back_1-1.jpg&#8221; src_second=&#8221;https:\/\/sfarquitetos.com\/pt\/wp-content\/uploads\/2023\/10\/botao_back_2-1.jpg&#8221; image_width=&#8221;150&#8243; image_height=&#8221;150&#8243; crop=&#8221;false&#8221; link=&#8221;url:https%3A%2F%2Fsfarquitetos.com%2Fpt%2F%23projetos&#8221;][\/vc_column][\/mk_page_section]\n","protected":false},"excerpt":{"rendered":"<p>[mk_page_section][vc_column][mk_gallery images=&#8221;209,210,212,213,214,215&#8243; style=&#8221;style1&#8243; item_spacing=&#8221;1&#8243; margin_bottom=&#8221;1&#8243;][\/vc_column][\/mk_page_section][mk_page_section padding_top=&#8221;100&#8243; top_shape_bg_color=&#8221;#6b6b6b&#8221; sidebar=&#8221;sidebar-1&#8243;][vc_column width=&#8221;2\/3&#8243;][mk_fancy_title color=&#8221;#0a0a0a&#8221; size=&#8221;35&#8243; font_weight=&#8221;400&#8243; margin_bottom=&#8221;0&#8243; font_family=&#8221;none&#8221;]CASA BISALH\u00c3ES[\/mk_fancy_title][mk_fancy_title color=&#8221;#0a0a0a&#8221; size=&#8221;15&#8243; font_weight=&#8221;400&#8243; txt_transform=&#8221;uppercase&#8221; font_family=&#8221;none&#8221;]Habita\u00e7\u00e3o unifamiliar \/ Vila Real \/ 15 de Dezembro, 2021[\/mk_fancy_title][vc_column_text css=&#8221;.vc_custom_1697532224454{margin-bottom: 0px !important;}&#8221;]Casa Bisalh\u00e3es\u00a0\u00e9 uma resid\u00eancia projetada para uma nova fam\u00edlia a partir de uma preexist\u00eancia em alvenaria de granito composta por dois pisos, tendo o [&hellip;]<\/p>\n","protected":false},"author":1,"featured_media":0,"parent":0,"menu_order":0,"comment_status":"closed","ping_status":"closed","template":"","meta":{"footnotes":""},"class_list":["post-166","page","type-page","status-publish","hentry"],"_links":{"self":[{"href":"https:\/\/sfarquitetos.com\/pt\/wp-json\/wp\/v2\/pages\/166","targetHints":{"allow":["GET"]}}],"collection":[{"href":"https:\/\/sfarquitetos.com\/pt\/wp-json\/wp\/v2\/pages"}],"about":[{"href":"https:\/\/sfarquitetos.com\/pt\/wp-json\/wp\/v2\/types\/page"}],"author":[{"embeddable":true,"href":"https:\/\/sfarquitetos.com\/pt\/wp-json\/wp\/v2\/users\/1"}],"replies":[{"embeddable":true,"href":"https:\/\/sfarquitetos.com\/pt\/wp-json\/wp\/v2\/comments?post=166"}],"version-history":[{"count":2,"href":"https:\/\/sfarquitetos.com\/pt\/wp-json\/wp\/v2\/pages\/166\/revisions"}],"predecessor-version":[{"id":323,"href":"https:\/\/sfarquitetos.com\/pt\/wp-json\/wp\/v2\/pages\/166\/revisions\/323"}],"wp:attachment":[{"href":"https:\/\/sfarquitetos.com\/pt\/wp-json\/wp\/v2\/media?parent=166"}],"curies":[{"name":"wp","href":"https:\/\/api.w.org\/{rel}","templated":true}]}}

Casa Bisalhães

[mk_page_section][vc_column][mk_gallery images=&#8221;209,210,212,213,214,215&#8243; style=&#8221;style1&#8243; item_spacing=&#8221;1&#8243; margin_bottom=&#8221;1&#8243;][/vc_column][/mk_page_section][mk_page_section padding_top=&#8221;100&#8243; top_shape_bg_color=&#8221;#6b6b6b&#8221; sidebar=&#8221;sidebar-1&#8243;][vc_column width=&#8221;2/3&#8243;][mk_fancy_title color=&#8221;#0a0a0a&#8221; size=&#8221;35&#8243; font_weight=&#8221;400&#8243; margin_bottom=&#8221;0&#8243; font_family=&#8221;none&#8221;]CASA BISALHÃES[/mk_fancy_title][mk_fancy_title color=&#8221;#0a0a0a&#8221; size=&#8221;15&#8243; font_weight=&#8221;400&#8243; txt_transform=&#8221;uppercase&#8221; font_family=&#8221;none&#8221;]Habitação unifamiliar / Vila Real / 15 de Dezembro, 2021[/mk_fancy_title][vc_column_text css=&#8221;.vc_custom_1697532224454{margin-bottom: 0px !important;}&#8221;]Casa Bisalhães é uma residência projetada para uma nova família a partir de uma preexistência em alvenaria de granito composta por dois pisos, tendo o piso superior funcionado como moradia, e o piso inferior como lagar para produção de vinho e “atelier” para a produção do “barro preto de Bisalhães”.</p>
<p>Bisalhães é uma aldeia situada na encosta sul da freguesia de Mondrões, concelho de Vila Real, em Portugal, sendo célebre pela olaria de Bisalhães, mais conhecida por “barro preto de Bisalhães”, cujo fabrico da Olaria Negra foi declarado Património Cultural Imaterial da Unesco em 29 de novembro de 2016, processo de confeção esse que remonta, pelo menos, ao século XVI.<br />
Estando, logo à partida, “condicionado” pela existência de uma edificação abandonada e em ruínas, que outrora servira de habitação dos familiares e a qual, se pretendia, de certo modo, manter/adaptar para assim permanecer como memória futura, o conceito do projeto começou a partir do estudo do local e da sua história, bem como da analise da envolvente e características do terreno, o que permitiu entender, as alturas dos edifícios vizinhos e as vistas privilegiadas sobre a Serra do Alvão a Poente, possibilitando prever o local exato de cada uma das funções da casa.</p>
<p>Tendo em conta essas premissas e as características da preexistência, optou-se por organizar a moradia em meios pisos, em que o volume novo incorpora parte do volume preexistente. Assim, a habitação, abriga, no piso superior, três dormitórios, sendo um deles o quarto principal. No piso intermédio logo abaixo fica o escritório. Mais abaixo, no rés-do-chão, localizam-se as zonas comuns, garagem e zona de apoio e por fim, no piso mais abaixo, fica, a zona de lazer.</p>
<p>A forma como foi organizada a moradia, possibilita, que as zonas comuns e a zona de entrada, bem como ao sair de qualquer compartimento da casa se possa desfrutar do glamour proporcionado pelo granito da preexistência e tudo o que ela representa e simboliza para a família. Parte da edificação existente foi ainda aproveitada para criar um jardim exterior rodeado por uma espécie de ruína para onde estão voltados o escritório e a zona de lazer de modo a proporcionar um ambiente tranquilo e encantador.</p>
<p>É perfeitamente percetível, através da cor dos revestimentos e materiais exteriores na parte mais recuada das fachadas e no interior da moradia, a alusão ao “barro preto de Bisalhães”.[/vc_column_text][/vc_column][vc_column width=&#8221;1/3&#8243;][vc_empty_space height=&#8221;64px&#8221;][mk_fancy_title color=&#8221;#0a0a0a&#8221; size=&#8221;15&#8243; font_weight=&#8221;400&#8243; txt_transform=&#8221;uppercase&#8221; font_family=&#8221;none&#8221;]FICHA TÉCNICA[/mk_fancy_title][vc_column_text disable_pattern=&#8221;false&#8221; css=&#8221;.vc_custom_1697533211500{margin-bottom: 0px !important;}&#8221;]<strong>PROJETO</strong> / CASA BISALHÃES<br />
<strong>LOCALIZAÇÃO</strong> / BISALHÃES, MONDRÕES, VILA REAL<br />
<strong>ARQUITECTURA</strong> / SFA &#8211; SÉRGIO FERREIRA ARQUITETOS<br />
<strong>ARQUITETO RESPONSÁVEL</strong> / SÉRGIO FERREIRA<br />
<strong>ÁREA BRUTA DE CONSTRUÇÃO</strong> / 510,00M2<br />
<strong>ANO DE CONSTRUÇÃO</strong> / 2017[/vc_column_text][/vc_column][/mk_page_section][mk_page_section padding_top=&#8221;50&#8243; padding_bottom=&#8221;200&#8243; sidebar=&#8221;sidebar-1&#8243;][vc_column][mk_image_switch src_first=&#8221;https://sfarquitetos.com/pt/wp-content/uploads/2023/10/botao_back_1-1.jpg&#8221; src_second=&#8221;https://sfarquitetos.com/pt/wp-content/uploads/2023/10/botao_back_2-1.jpg&#8221; image_width=&#8221;150&#8243; image_height=&#8221;150&#8243; crop=&#8221;false&#8221; link=&#8221;url:https%3A%2F%2Fsfarquitetos.com%2Fpt%2F%23projetos&#8221;][/vc_column][/mk_page_section]

<p>[mk_page_section][vc_column][mk_gallery images=&#8221;209,210,212,213,214,215&#8243; style=&#8221;style1&#8243; item_spacing=&#8221;1&#8243; margin_bottom=&#8221;1&#8243;][/vc_column][/mk_page_section][mk_page_section padding_top=&#8221;100&#8243; top_shape_bg_color=&#8221;#6b6b6b&#8221; sidebar=&#8221;sidebar-1&#8243;][vc_column width=&#8221;2/3&#8243;][mk_fancy_title color=&#8221;#0a0a0a&#8221; size=&#8221;35&#8243; font_weight=&#8221;400&#8243; margin_bottom=&#8221;0&#8243; font_family=&#8221;none&#8221;]CASA BISALHÃES[/mk_fancy_title][mk_fancy_title color=&#8221;#0a0a0a&#8221; size=&#8221;15&#8243; font_weight=&#8221;400&#8243; txt_transform=&#8221;uppercase&#8221; font_family=&#8221;none&#8221;]Habitação unifamiliar / Vila Real / 15 de Dezembro, 2021[/mk_fancy_title][vc_column_text css=&#8221;.vc_custom_1697532224454{margin-bottom: 0px !important;}&#8221;]Casa Bisalhães é uma residência projetada para uma nova família a partir de uma preexistência em alvenaria de granito composta por dois pisos, tendo o [&hellip;]</p>
