{"id":235,"date":"2023-10-17T09:43:57","date_gmt":"2023-10-17T09:43:57","guid":{"rendered":"https:\/\/sfarquitetos.zoominstudio.pt\/dev\/?page_id=235"},"modified":"2023-12-12T11:04:13","modified_gmt":"2023-12-12T11:04:13","slug":"espaco-de-apoio-a-visitacao","status":"publish","type":"page","link":"https:\/\/sfarquitetos.com\/pt\/espaco-de-apoio-a-visitacao\/","title":{"rendered":"Espa\u00e7o de Apoio \u00e0 Visita\u00e7\u00e3o"},"content":{"rendered":"[mk_page_section][vc_column][mk_gallery images=&#8221;250,251,252,253,254&#8243; style=&#8221;style1&#8243; item_spacing=&#8221;1&#8243; margin_bottom=&#8221;1&#8243;][\/vc_column][\/mk_page_section][mk_page_section padding_top=&#8221;100&#8243; top_shape_bg_color=&#8221;#6b6b6b&#8221; sidebar=&#8221;sidebar-1&#8243;][vc_column width=&#8221;2\/3&#8243;][mk_fancy_title color=&#8221;#0a0a0a&#8221; size=&#8221;35&#8243; font_weight=&#8221;400&#8243; txt_transform=&#8221;uppercase&#8221; margin_bottom=&#8221;0&#8243; font_family=&#8221;none&#8221;]Espa\u00e7o de Apoio \u00e0 Visita\u00e7\u00e3o[\/mk_fancy_title][mk_fancy_title color=&#8221;#0a0a0a&#8221; size=&#8221;15&#8243; font_weight=&#8221;400&#8243; txt_transform=&#8221;uppercase&#8221; font_family=&#8221;none&#8221;]Turismo \/ Sabrosa \/ 16 de Fevereiro, 2023[\/mk_fancy_title][vc_column_text css=&#8221;.vc_custom_1697536013877{margin-bottom: 0px !important;}&#8221;]O projeto Espa\u00e7o de Apoio \u00e0 Visita\u00e7\u00e3o desenvolveu-se tendo como base uma antiga escola prim\u00e1ria, mais concretamente uma escola prim\u00e1ria dos anos do Estado Novo.<\/p>\n<p>Desde uma fase preliminar do processo, mais concretamente ap\u00f3s a visita ao local, pensou-se ser crucial a necessidade de manter ao m\u00e1ximo a preexist\u00eancia tendo que o programa pretendido para a edifica\u00e7\u00e3o se moldar a este espa\u00e7o.<br \/>\nDesta forma, houve a necessidade de efetuar algumas altera\u00e7\u00f5es na edifica\u00e7\u00e3o existente. Foi assim proposto que fossem executadas algumas demoli\u00e7\u00f5es, nomeadamente os espa\u00e7os de arrumos, os alpendres e as instala\u00e7\u00f5es sanit\u00e1rias, sendo estes claramente espa\u00e7os de amplia\u00e7\u00f5es posteriores \u00e0 data inicial de constru\u00e7\u00e3o da edifica\u00e7\u00e3o.<\/p>\n<p>Com as demoli\u00e7\u00f5es n\u00e3o se comprometeu o car\u00e1cter hist\u00f3rico e arquitet\u00f3nico da edifica\u00e7\u00e3o. Assim sendo, optou-se por manter toda a estereotomia e materialidade do edificado e na amplia\u00e7\u00e3o marcar a diferen\u00e7a pela escolha dos materiais, nomeadamente a corti\u00e7a como revestimento exterior com um padr\u00e3o de diferentes dimens\u00f5es tanto em altura como em espessura. A escolha deste material foi tamb\u00e9m pensada como uma alus\u00e3o aos quadros em corti\u00e7a que se usavam nas escolas para a coloca\u00e7\u00e3o de desenhos, avisos, folha de presen\u00e7as, entre outros elementos que na altura achassem ser pertinentes.<\/p>\n<p>Ao n\u00edvel program\u00e1tico a proposta foi pensada da seguinte forma, a edifica\u00e7\u00e3o existente albergava os espa\u00e7os privados dos utentes (dormit\u00f3rios e instala\u00e7\u00f5es sanit\u00e1rias em cada lado do edif\u00edcio, rece\u00e7\u00e3o, escadas de acesso e arrumos no espa\u00e7o central e no Piso 2 quarto e arrumos tamb\u00e9m em cada lado do edif\u00edcio), a edifica\u00e7\u00e3o a ampliar mas ainda \u201cagarrada\u201d ao edif\u00edcio existente foi colocado o espa\u00e7o comum (zona de lazer) e na outra parte a ampliar mas separada por um volume envidra\u00e7ado, foi pensado o refeit\u00f3rio, instala\u00e7\u00f5es sanit\u00e1rias de apoio ao p\u00fablico, zona de entrada, balc\u00e3o do refeit\u00f3rio, cozinha e respetivos compartimentos de apoio.<\/p>\n<p>Sendo uma edifica\u00e7\u00e3o do tempo do Estado Novo observou-se uma simetria que marcava tanto ao n\u00edvel do al\u00e7ado principal como na sua divis\u00e3o ao n\u00edvel de \u201cSexo Masculino\u201d e \u201cSexo Feminino\u201d, ponto este que se achou interessante manter, optando-se por manter essa divis\u00e3o colocando os dormit\u00f3rios (que funcionam como camaratas, na base de beliches) e as instala\u00e7\u00f5es sanit\u00e1rias para cada g\u00e9nero, ou seja, cada g\u00e9nero numa parte da edifica\u00e7\u00e3o, tendo a rece\u00e7\u00e3o como uma \u201cr\u00f3tula\u201d de liga\u00e7\u00e3o dos espa\u00e7os.<\/p>\n<p>Os beliches utilizados s\u00e3o totalmente individuais tendo um ponto de luz e eletricidade independentes.<\/p>\n<p>O projeto procurou fomentar a rela\u00e7\u00e3o dos utilizadores do novo espa\u00e7o com a comunidade local, atrav\u00e9s do melhoramento do espa\u00e7o a Norte onde se encontra uma pequena volumetria para o culto e da sinergia do edif\u00edcio e os novos espa\u00e7os exteriores.<\/p>\n<p>O valor arquitet\u00f3nico da pr\u00e9-exist\u00eancia foi incorporado na conce\u00e7\u00e3o do novo uso. A reconvers\u00e3o funcional n\u00e3o \u201capaga\u201d a mem\u00f3ria do edif\u00edcio existente, mas valoriza a sua presen\u00e7a na paisagem urbana. Uma antiga escola prim\u00e1ria transforma-se num espa\u00e7o multifacetado com um projeto \/ obra que pretende ser o mote para revitaliza\u00e7\u00e3o de uma zona\/ freguesia perif\u00e9rica ao centro urbano do concelho.<\/p>\n<p>Apesar do novo uso, o valor hist\u00f3rico foi preservado. O im\u00f3vel original teve os seus elementos fundamentais preservados, como a fachada principal e a sua distribui\u00e7\u00e3o.<\/p>\n<p>Quer no desenho quer na escolha de materiais, procurou-se intervir de forma simples e depurada. Formalmente, a proposta assenta numa linguagem simples com recurso ao menor n\u00famero de materiais, sendo que todos os materiais escolhidos foram pensados numa rela\u00e7\u00e3o pr\u00f3xima com o antigo uso da edifica\u00e7\u00e3o.[\/vc_column_text][\/vc_column][vc_column width=&#8221;1\/3&#8243;][vc_empty_space height=&#8221;64px&#8221;][mk_fancy_title color=&#8221;#0a0a0a&#8221; size=&#8221;15&#8243; font_weight=&#8221;400&#8243; txt_transform=&#8221;uppercase&#8221; font_family=&#8221;none&#8221;]FICHA T\u00c9CNICA[\/mk_fancy_title][vc_column_text disable_pattern=&#8221;false&#8221; css=&#8221;.vc_custom_1697535684469{margin-bottom: 0px !important;}&#8221;]<strong>PROJETO<\/strong> \/ CASA MP<br \/>\n<strong>LOCALIZA\u00c7\u00c3O<\/strong> \/ ANDR\u00c3ES, VILA REAL<br \/>\n<strong>ARQUITECTURA<\/strong> \/ SFA &#8211; S\u00c9RGIO FERREIRA ARQUITETOS<br \/>\n<strong>ARQUITETO RESPONS\u00c1VEL<\/strong> \/ S\u00c9RGIO FERREIRA<br \/>\n<strong>CONSTRUTOR<\/strong> \/ CCR CONSTRU\u00c7\u00d5ES<br \/>\n<strong>ANO DE CONSTRU\u00c7\u00c3O<\/strong> \/ 2018[\/vc_column_text][\/vc_column][\/mk_page_section][mk_page_section padding_top=&#8221;50&#8243; padding_bottom=&#8221;200&#8243; sidebar=&#8221;sidebar-1&#8243;][vc_column][mk_image_switch src_first=&#8221;https:\/\/sfarquitetos.zoominstudio.pt\/dev\/wp-content\/uploads\/2023\/10\/botao_back_1-1.jpg&#8221; src_second=&#8221;https:\/\/sfarquitetos.zoominstudio.pt\/dev\/wp-content\/uploads\/2023\/10\/botao_back_2-1.jpg&#8221; image_width=&#8221;150&#8243; image_height=&#8221;150&#8243; crop=&#8221;false&#8221; link=&#8221;url:https%3A%2F%2Fsfarquitetos.com%2Fpt%2F%23projetos&#8221;][\/vc_column][\/mk_page_section]\n","protected":false},"excerpt":{"rendered":"<p>[mk_page_section][vc_column][mk_gallery images=&#8221;250,251,252,253,254&#8243; style=&#8221;style1&#8243; item_spacing=&#8221;1&#8243; margin_bottom=&#8221;1&#8243;][\/vc_column][\/mk_page_section][mk_page_section padding_top=&#8221;100&#8243; top_shape_bg_color=&#8221;#6b6b6b&#8221; sidebar=&#8221;sidebar-1&#8243;][vc_column width=&#8221;2\/3&#8243;][mk_fancy_title color=&#8221;#0a0a0a&#8221; size=&#8221;35&#8243; font_weight=&#8221;400&#8243; txt_transform=&#8221;uppercase&#8221; margin_bottom=&#8221;0&#8243; font_family=&#8221;none&#8221;]Espa\u00e7o de Apoio \u00e0 Visita\u00e7\u00e3o[\/mk_fancy_title][mk_fancy_title color=&#8221;#0a0a0a&#8221; size=&#8221;15&#8243; font_weight=&#8221;400&#8243; txt_transform=&#8221;uppercase&#8221; font_family=&#8221;none&#8221;]Turismo \/ Sabrosa \/ 16 de Fevereiro, 2023[\/mk_fancy_title][vc_column_text css=&#8221;.vc_custom_1697536013877{margin-bottom: 0px !important;}&#8221;]O projeto Espa\u00e7o de Apoio \u00e0 Visita\u00e7\u00e3o desenvolveu-se tendo como base uma antiga escola prim\u00e1ria, mais concretamente uma escola prim\u00e1ria dos anos [&hellip;]<\/p>\n","protected":false},"author":1,"featured_media":0,"parent":0,"menu_order":0,"comment_status":"closed","ping_status":"closed","template":"","meta":{"footnotes":""},"class_list":["post-235","page","type-page","status-publish","hentry"],"_links":{"self":[{"href":"https:\/\/sfarquitetos.com\/pt\/wp-json\/wp\/v2\/pages\/235","targetHints":{"allow":["GET"]}}],"collection":[{"href":"https:\/\/sfarquitetos.com\/pt\/wp-json\/wp\/v2\/pages"}],"about":[{"href":"https:\/\/sfarquitetos.com\/pt\/wp-json\/wp\/v2\/types\/page"}],"author":[{"embeddable":true,"href":"https:\/\/sfarquitetos.com\/pt\/wp-json\/wp\/v2\/users\/1"}],"replies":[{"embeddable":true,"href":"https:\/\/sfarquitetos.com\/pt\/wp-json\/wp\/v2\/comments?post=235"}],"version-history":[{"count":1,"href":"https:\/\/sfarquitetos.com\/pt\/wp-json\/wp\/v2\/pages\/235\/revisions"}],"predecessor-version":[{"id":322,"href":"https:\/\/sfarquitetos.com\/pt\/wp-json\/wp\/v2\/pages\/235\/revisions\/322"}],"wp:attachment":[{"href":"https:\/\/sfarquitetos.com\/pt\/wp-json\/wp\/v2\/media?parent=235"}],"curies":[{"name":"wp","href":"https:\/\/api.w.org\/{rel}","templated":true}]}}

Espaço de Apoio à Visitação

[mk_page_section][vc_column][mk_gallery images=&#8221;250,251,252,253,254&#8243; style=&#8221;style1&#8243; item_spacing=&#8221;1&#8243; margin_bottom=&#8221;1&#8243;][/vc_column][/mk_page_section][mk_page_section padding_top=&#8221;100&#8243; top_shape_bg_color=&#8221;#6b6b6b&#8221; sidebar=&#8221;sidebar-1&#8243;][vc_column width=&#8221;2/3&#8243;][mk_fancy_title color=&#8221;#0a0a0a&#8221; size=&#8221;35&#8243; font_weight=&#8221;400&#8243; txt_transform=&#8221;uppercase&#8221; margin_bottom=&#8221;0&#8243; font_family=&#8221;none&#8221;]Espaço de Apoio à Visitação[/mk_fancy_title][mk_fancy_title color=&#8221;#0a0a0a&#8221; size=&#8221;15&#8243; font_weight=&#8221;400&#8243; txt_transform=&#8221;uppercase&#8221; font_family=&#8221;none&#8221;]Turismo / Sabrosa / 16 de Fevereiro, 2023[/mk_fancy_title][vc_column_text css=&#8221;.vc_custom_1697536013877{margin-bottom: 0px !important;}&#8221;]O projeto Espaço de Apoio à Visitação desenvolveu-se tendo como base uma antiga escola primária, mais concretamente uma escola primária dos anos do Estado Novo.</p>
<p>Desde uma fase preliminar do processo, mais concretamente após a visita ao local, pensou-se ser crucial a necessidade de manter ao máximo a preexistência tendo que o programa pretendido para a edificação se moldar a este espaço.<br />
Desta forma, houve a necessidade de efetuar algumas alterações na edificação existente. Foi assim proposto que fossem executadas algumas demolições, nomeadamente os espaços de arrumos, os alpendres e as instalações sanitárias, sendo estes claramente espaços de ampliações posteriores à data inicial de construção da edificação.</p>
<p>Com as demolições não se comprometeu o carácter histórico e arquitetónico da edificação. Assim sendo, optou-se por manter toda a estereotomia e materialidade do edificado e na ampliação marcar a diferença pela escolha dos materiais, nomeadamente a cortiça como revestimento exterior com um padrão de diferentes dimensões tanto em altura como em espessura. A escolha deste material foi também pensada como uma alusão aos quadros em cortiça que se usavam nas escolas para a colocação de desenhos, avisos, folha de presenças, entre outros elementos que na altura achassem ser pertinentes.</p>
<p>Ao nível programático a proposta foi pensada da seguinte forma, a edificação existente albergava os espaços privados dos utentes (dormitórios e instalações sanitárias em cada lado do edifício, receção, escadas de acesso e arrumos no espaço central e no Piso 2 quarto e arrumos também em cada lado do edifício), a edificação a ampliar mas ainda “agarrada” ao edifício existente foi colocado o espaço comum (zona de lazer) e na outra parte a ampliar mas separada por um volume envidraçado, foi pensado o refeitório, instalações sanitárias de apoio ao público, zona de entrada, balcão do refeitório, cozinha e respetivos compartimentos de apoio.</p>
<p>Sendo uma edificação do tempo do Estado Novo observou-se uma simetria que marcava tanto ao nível do alçado principal como na sua divisão ao nível de “Sexo Masculino” e “Sexo Feminino”, ponto este que se achou interessante manter, optando-se por manter essa divisão colocando os dormitórios (que funcionam como camaratas, na base de beliches) e as instalações sanitárias para cada género, ou seja, cada género numa parte da edificação, tendo a receção como uma “rótula” de ligação dos espaços.</p>
<p>Os beliches utilizados são totalmente individuais tendo um ponto de luz e eletricidade independentes.</p>
<p>O projeto procurou fomentar a relação dos utilizadores do novo espaço com a comunidade local, através do melhoramento do espaço a Norte onde se encontra uma pequena volumetria para o culto e da sinergia do edifício e os novos espaços exteriores.</p>
<p>O valor arquitetónico da pré-existência foi incorporado na conceção do novo uso. A reconversão funcional não “apaga” a memória do edifício existente, mas valoriza a sua presença na paisagem urbana. Uma antiga escola primária transforma-se num espaço multifacetado com um projeto / obra que pretende ser o mote para revitalização de uma zona/ freguesia periférica ao centro urbano do concelho.</p>
<p>Apesar do novo uso, o valor histórico foi preservado. O imóvel original teve os seus elementos fundamentais preservados, como a fachada principal e a sua distribuição.</p>
<p>Quer no desenho quer na escolha de materiais, procurou-se intervir de forma simples e depurada. Formalmente, a proposta assenta numa linguagem simples com recurso ao menor número de materiais, sendo que todos os materiais escolhidos foram pensados numa relação próxima com o antigo uso da edificação.[/vc_column_text][/vc_column][vc_column width=&#8221;1/3&#8243;][vc_empty_space height=&#8221;64px&#8221;][mk_fancy_title color=&#8221;#0a0a0a&#8221; size=&#8221;15&#8243; font_weight=&#8221;400&#8243; txt_transform=&#8221;uppercase&#8221; font_family=&#8221;none&#8221;]FICHA TÉCNICA[/mk_fancy_title][vc_column_text disable_pattern=&#8221;false&#8221; css=&#8221;.vc_custom_1697535684469{margin-bottom: 0px !important;}&#8221;]<strong>PROJETO</strong> / CASA MP<br />
<strong>LOCALIZAÇÃO</strong> / ANDRÃES, VILA REAL<br />
<strong>ARQUITECTURA</strong> / SFA &#8211; SÉRGIO FERREIRA ARQUITETOS<br />
<strong>ARQUITETO RESPONSÁVEL</strong> / SÉRGIO FERREIRA<br />
<strong>CONSTRUTOR</strong> / CCR CONSTRUÇÕES<br />
<strong>ANO DE CONSTRUÇÃO</strong> / 2018[/vc_column_text][/vc_column][/mk_page_section][mk_page_section padding_top=&#8221;50&#8243; padding_bottom=&#8221;200&#8243; sidebar=&#8221;sidebar-1&#8243;][vc_column][mk_image_switch src_first=&#8221;https://sfarquitetos.zoominstudio.pt/dev/wp-content/uploads/2023/10/botao_back_1-1.jpg&#8221; src_second=&#8221;https://sfarquitetos.zoominstudio.pt/dev/wp-content/uploads/2023/10/botao_back_2-1.jpg&#8221; image_width=&#8221;150&#8243; image_height=&#8221;150&#8243; crop=&#8221;false&#8221; link=&#8221;url:https%3A%2F%2Fsfarquitetos.com%2Fpt%2F%23projetos&#8221;][/vc_column][/mk_page_section]

<p>[mk_page_section][vc_column][mk_gallery images=&#8221;250,251,252,253,254&#8243; style=&#8221;style1&#8243; item_spacing=&#8221;1&#8243; margin_bottom=&#8221;1&#8243;][/vc_column][/mk_page_section][mk_page_section padding_top=&#8221;100&#8243; top_shape_bg_color=&#8221;#6b6b6b&#8221; sidebar=&#8221;sidebar-1&#8243;][vc_column width=&#8221;2/3&#8243;][mk_fancy_title color=&#8221;#0a0a0a&#8221; size=&#8221;35&#8243; font_weight=&#8221;400&#8243; txt_transform=&#8221;uppercase&#8221; margin_bottom=&#8221;0&#8243; font_family=&#8221;none&#8221;]Espaço de Apoio à Visitação[/mk_fancy_title][mk_fancy_title color=&#8221;#0a0a0a&#8221; size=&#8221;15&#8243; font_weight=&#8221;400&#8243; txt_transform=&#8221;uppercase&#8221; font_family=&#8221;none&#8221;]Turismo / Sabrosa / 16 de Fevereiro, 2023[/mk_fancy_title][vc_column_text css=&#8221;.vc_custom_1697536013877{margin-bottom: 0px !important;}&#8221;]O projeto Espaço de Apoio à Visitação desenvolveu-se tendo como base uma antiga escola primária, mais concretamente uma escola primária dos anos [&hellip;]</p>
