{"id":31,"date":"2023-09-03T19:43:16","date_gmt":"2023-09-03T19:43:16","guid":{"rendered":"https:\/\/sfarquitetos.zoominstudio.pt\/dev\/?page_id=31"},"modified":"2024-10-03T23:46:17","modified_gmt":"2024-10-03T23:46:17","slug":"index","status":"publish","type":"page","link":"https:\/\/sfarquitetos.com\/pt\/","title":{"rendered":"Index"},"content":{"rendered":"[mk_page_section bg_image=&#8221;https:\/\/sfarquitetos.zoominstudio.pt\/dev\/wp-content\/uploads\/2023\/09\/pic_1.jpg&#8221; bg_position=&#8221;center center&#8221; bg_repeat=&#8221;no-repeat&#8221; bg_stretch=&#8221;true&#8221; enable_3d=&#8221;true&#8221; bg_video=&#8221;yes&#8221; video_source=&#8221;social&#8221; poster_image=&#8221;https:\/\/sfarquitetos.zoominstudio.pt\/dev\/wp-content\/uploads\/2023\/09\/pic_1.jpg&#8221; stream_video_id=&#8221;VPhnXU0xXEY&#8221; full_height=&#8221;true&#8221; sidebar=&#8221;sidebar-1&#8243;][vc_column][mk_fancy_title color=&#8221;#ffffff&#8221; size=&#8221;55&#8243; font_weight=&#8221;200&#8243; txt_transform=&#8221;uppercase&#8221; font_family=&#8221;Lato&#8221; font_type=&#8221;google&#8221;]VIS\u00c3O \u00daNICA<br \/>\nFUNCIONAL E EST\u00c9TICAMENTE<br \/>\nAGRAD\u00c1VEL[\/mk_fancy_title][vc_column_text margin_bottom=&#8221;-20&#8243; css=&#8221;.vc_custom_1693783599912{margin-bottom: 0px !important;}&#8221;]<span style=\"color: #ffffff;\">SFA &#8211; S\u00c9RGIO FERREIRA ARQUITETOS<\/span>[\/vc_column_text][mk_social_networks style=&#8221;simple&#8221; margin=&#8221;10&#8243; icon_color=&#8221;#ffffff&#8221; icon_hover_color=&#8221;#e5e5e5&#8243; facebook=&#8221;https:\/\/www.facebook.com\/arquitetosergioferreira\/&#8221; instagram=&#8221;https:\/\/www.instagram.com\/arq.sergioferreira\/&#8221; linkedin=&#8221;https:\/\/www.linkedin.com\/in\/s%C3%A9rgio-ferreira-arquiteto-106a029a\/&#8221; youtube=&#8221;https:\/\/www.youtube.com\/@sergioferreiraarquitetos8906\/videos&#8221;][\/vc_column][\/mk_page_section][mk_page_section bg_color=&#8221;#262626&#8243; padding_top=&#8221;200&#8243; padding_bottom=&#8221;300&#8243; section_id=&#8221;quemsomos&#8221; sidebar=&#8221;sidebar-1&#8243;][vc_column][mk_fancy_title color=&#8221;#ffffff&#8221; size=&#8221;35&#8243; font_weight=&#8221;200&#8243; txt_transform=&#8221;uppercase&#8221; font_family=&#8221;Lato&#8221; font_type=&#8221;google&#8221;]QUEM SOMOS[\/mk_fancy_title][vc_column_text css=&#8221;.vc_custom_1697491443551{margin-bottom: 0px !important;}&#8221;]<span style=\"color: #ffffff;\">A SFA &#8211; S\u00e9rgio Ferreira Arquitectos \u00e9 um atelier que se concentra na multidisciplinaridade dos seus projectos arquitect\u00f3nicos. Oferecemos aos nossos clientes uma vis\u00e3o \u00fanica, funcional e esteticamente agrad\u00e1vel. O nosso trabalho destaca-se devido aos nossos projetos inovadores. Dedicamo-nos a fornecer aos nossos clientes uma vis\u00e3o integrada e especializada que os ajude a enfrentar os seus desafios. Garantimos os mais elevados padr\u00f5es de qualidade no nosso trabalho, desde a ideia at\u00e9 \u00e0 implementa\u00e7\u00e3o do projeto, gerindo efici\u00eancia em cada fase do processo. Compreendemos que o setor requer rigor e especificidade nos servi\u00e7os prestados. \u00c9 por isso que nos certificamos de prestar aten\u00e7\u00e3o especial a cada projeto, acompanhando o seu progresso em cada passo\u00a0do\u00a0caminho<\/span>[\/vc_column_text][\/vc_column][\/mk_page_section][mk_page_section padding_top=&#8221;200&#8243; padding_bottom=&#8221;300&#8243; section_id=&#8221;equipa&#8221; sidebar=&#8221;sidebar-1&#8243;][vc_column][mk_fancy_title color=&#8221;#1e1e1e&#8221; size=&#8221;35&#8243; font_weight=&#8221;300&#8243; txt_transform=&#8221;uppercase&#8221; font_family=&#8221;Lato&#8221; font_type=&#8221;google&#8221;]EQUIPA[\/mk_fancy_title][mk_employees column=&#8221;4&#8243; rounded_image=&#8221;false&#8221; description=&#8221;false&#8221;][\/vc_column][\/mk_page_section][mk_page_section padding_top=&#8221;200&#8243; padding_bottom=&#8221;300&#8243; section_id=&#8221;atelier&#8221; sidebar=&#8221;sidebar-1&#8243;][vc_column][mk_fancy_title color=&#8221;#1e1e1e&#8221; size=&#8221;35&#8243; font_weight=&#8221;300&#8243; txt_transform=&#8221;uppercase&#8221; font_family=&#8221;Lato&#8221; font_type=&#8221;google&#8221;]ATELIER[\/mk_fancy_title][mk_gallery images=&#8221;269,270,271,272,273,274&#8243; column=&#8221;4&#8243; height=&#8221;350&#8243; item_spacing=&#8221;1&#8243; margin_bottom=&#8221;1&#8243;][\/vc_column][\/mk_page_section][mk_page_section padding_top=&#8221;200&#8243; padding_bottom=&#8221;300&#8243; section_id=&#8221;servicos&#8221; sidebar=&#8221;sidebar-1&#8243;][vc_column][mk_fancy_title color=&#8221;#1e1e1e&#8221; size=&#8221;35&#8243; font_weight=&#8221;300&#8243; txt_transform=&#8221;uppercase&#8221; font_family=&#8221;Lato&#8221; font_type=&#8221;google&#8221;]SERVI\u00c7OS[\/mk_fancy_title][vc_column_text css=&#8221;.vc_custom_1697401884547{margin-bottom: 0px !important;}&#8221;]<span style=\"color: #000000;\">&#8211; Projetos de Arquitetura \/ Constru\u00e7\u00f5es novas, Amplia\u00e7\u00f5es, Reconstru\u00e7\u00f5es, Recupera\u00e7\u00f5es, Reabilita\u00e7\u00f5es, Legaliza\u00e7\u00f5es \/<\/span><br \/>\n<span style=\"color: #000000;\">&#8211; Gest\u00e3o e fiscaliza\u00e7\u00e3o de Obra<\/span><br \/>\n<span style=\"color: #000000;\">&#8211; Certificados energ\u00e9ticos<\/span><br \/>\n<span style=\"color: #000000;\">&#8211; Projetos de Engenharia<\/span><br \/>\n<span style=\"color: #000000;\">&#8211; Propriedade horizontal<\/span><br \/>\n<span style=\"color: #000000;\">&#8211; Design de Interiores<\/span><br \/>\n<span style=\"color: #000000;\">&#8211; Loteamentos<\/span>[\/vc_column_text][\/vc_column][\/mk_page_section][mk_page_section padding_top=&#8221;200&#8243; padding_bottom=&#8221;200&#8243; section_id=&#8221;projetos&#8221; sidebar=&#8221;sidebar-1&#8243;][vc_column][mk_fancy_title color=&#8221;#1e1e1e&#8221; size=&#8221;35&#8243; font_weight=&#8221;300&#8243; txt_transform=&#8221;uppercase&#8221; font_family=&#8221;Lato&#8221; font_type=&#8221;google&#8221;]PROJETOS[\/mk_fancy_title][mk_portfolio style=&#8221;grid&#8221; grid_spacing=&#8221;1&#8243; height=&#8221;500&#8243; column=&#8221;4&#8243; permalink_icon_name=&#8221;mk-jupiter-icon-plus&#8221; zoom_icon_name=&#8221;mk-li-view&#8221; sortable_all_text=&#8221;TODOS&#8221; pagination=&#8221;false&#8221;][\/vc_column][\/mk_page_section][mk_page_section padding_top=&#8221;200&#8243; padding_bottom=&#8221;300&#8243; section_id=&#8221;contatos&#8221; sidebar=&#8221;sidebar-1&#8243;][vc_column][mk_fancy_title color=&#8221;#1e1e1e&#8221; size=&#8221;35&#8243; font_weight=&#8221;300&#8243; txt_transform=&#8221;uppercase&#8221; font_family=&#8221;Lato&#8221; font_type=&#8221;google&#8221;]CONTATOS[\/mk_fancy_title][vc_column_text css=&#8221;.vc_custom_1727999165321{margin-bottom: 0px !important;}&#8221;]SFA &#8211; S\u00c9RGIO FERREIRA ARQUITETOS<br \/>\nTM \/\/ +351 937 737 351<br \/>\nFIXO \/\/ 259 095 575<br \/>\nE-MAIL \/\/ GERAL@ARQUITETOS.COM<br \/>\nMORADA \/\/ RUA DE TR\u00c1S, RC, LJ B, 5060-326 SABROSA, PORTUGAL[\/vc_column_text][mk_social_networks style=&#8221;simple&#8221; margin=&#8221;10&#8243; icon_color=&#8221;#878787&#8243; icon_hover_color=&#8221;#3a3a3a&#8221; facebook=&#8221;https:\/\/www.facebook.com\/arquitetosergioferreira\/about?locale=pt_PT&#8221; instagram=&#8221;https:\/\/www.instagram.com\/arq.sergioferreira\/&#8221; linkedin=&#8221;https:\/\/www.linkedin.com\/in\/s%C3%A9rgio-ferreira-arquiteto-106a029a\/&#8221; youtube=&#8221;https:\/\/www.youtube.com\/@sergioferreiraarquitetos8906\/videos&#8221;]\n<div class=\"wpcf7 no-js\" id=\"wpcf7-f26-o1\" lang=\"pt-PT\" dir=\"ltr\" data-wpcf7-id=\"26\">\n<div class=\"screen-reader-response\"><p role=\"status\" aria-live=\"polite\" aria-atomic=\"true\"><\/p> <ul><\/ul><\/div>\n<form action=\"\/pt\/wp-json\/wp\/v2\/pages\/31#wpcf7-f26-o1\" method=\"post\" class=\"wpcf7-form init\" aria-label=\"Formul\u00e1rio de contacto\" novalidate=\"novalidate\" data-status=\"init\">\n<fieldset class=\"hidden-fields-container\"><input type=\"hidden\" name=\"_wpcf7\" value=\"26\" \/><input type=\"hidden\" name=\"_wpcf7_version\" value=\"6.1.1\" \/><input type=\"hidden\" name=\"_wpcf7_locale\" value=\"pt_PT\" \/><input type=\"hidden\" name=\"_wpcf7_unit_tag\" value=\"wpcf7-f26-o1\" \/><input type=\"hidden\" name=\"_wpcf7_container_post\" value=\"0\" \/><input type=\"hidden\" name=\"_wpcf7_posted_data_hash\" value=\"\" \/>\n<\/fieldset>\n<p><label> NOME<br \/>\n<span class=\"wpcf7-form-control-wrap\" data-name=\"your-name\"><input size=\"40\" maxlength=\"400\" class=\"wpcf7-form-control wpcf7-text wpcf7-validates-as-required\" autocomplete=\"name\" aria-required=\"true\" aria-invalid=\"false\" value=\"\" type=\"text\" name=\"your-name\" \/><\/span> <\/label>\n<\/p>\n<p><label> EMAIL<br \/>\n<span class=\"wpcf7-form-control-wrap\" data-name=\"your-email\"><input size=\"40\" maxlength=\"400\" class=\"wpcf7-form-control wpcf7-email wpcf7-validates-as-required wpcf7-text wpcf7-validates-as-email\" autocomplete=\"email\" aria-required=\"true\" aria-invalid=\"false\" value=\"\" type=\"email\" name=\"your-email\" \/><\/span> <\/label>\n<\/p>\n<p><label> ASSUNTO<br \/>\n<span class=\"wpcf7-form-control-wrap\" data-name=\"your-subject\"><input size=\"40\" maxlength=\"400\" class=\"wpcf7-form-control wpcf7-text wpcf7-validates-as-required\" aria-required=\"true\" aria-invalid=\"false\" value=\"\" type=\"text\" name=\"your-subject\" \/><\/span> <\/label>\n<\/p>\n<p><label> MENSAGEM*<br \/>\n<span class=\"wpcf7-form-control-wrap\" data-name=\"your-message\"><textarea cols=\"40\" rows=\"10\" maxlength=\"2000\" class=\"wpcf7-form-control wpcf7-textarea\" aria-invalid=\"false\" name=\"your-message\"><\/textarea><\/span> <\/label>\n<\/p>\n<p><input class=\"wpcf7-form-control wpcf7-submit has-spinner\" type=\"submit\" value=\"ENVIAR\" \/>\n<\/p><div class=\"wpcf7-response-output\" aria-hidden=\"true\"><\/div><input type=\"hidden\" value=\"0\" class=\"cf7-thankyou-page-failed\" ><input type=\"hidden\" value=\"0\" class=\"cf7-thankyou-page-success\" ><input id=\"cf7_whatsapp_data_26\" type=\"hidden\" value=\"Form: [form-id]\r\nData:\r\n[all]\r\nThank you\" class=\"cf7_whatsapp_data\" ><input id=\"cf7_whatsapp_link_26\" type=\"hidden\" value=\"\" class=\"cf7_whatsapp_link\" >\n<\/form>\n<\/div>\n[\/vc_column][\/mk_page_section]\n","protected":false},"excerpt":{"rendered":"<p>[mk_page_section bg_image=&#8221;https:\/\/sfarquitetos.zoominstudio.pt\/dev\/wp-content\/uploads\/2023\/09\/pic_1.jpg&#8221; bg_position=&#8221;center center&#8221; bg_repeat=&#8221;no-repeat&#8221; bg_stretch=&#8221;true&#8221; enable_3d=&#8221;true&#8221; bg_video=&#8221;yes&#8221; video_source=&#8221;social&#8221; poster_image=&#8221;https:\/\/sfarquitetos.zoominstudio.pt\/dev\/wp-content\/uploads\/2023\/09\/pic_1.jpg&#8221; stream_video_id=&#8221;VPhnXU0xXEY&#8221; full_height=&#8221;true&#8221; sidebar=&#8221;sidebar-1&#8243;][vc_column][mk_fancy_title color=&#8221;#ffffff&#8221; size=&#8221;55&#8243; font_weight=&#8221;200&#8243; txt_transform=&#8221;uppercase&#8221; font_family=&#8221;Lato&#8221; font_type=&#8221;google&#8221;]VIS\u00c3O \u00daNICA FUNCIONAL E EST\u00c9TICAMENTE AGRAD\u00c1VEL[\/mk_fancy_title][vc_column_text margin_bottom=&#8221;-20&#8243; css=&#8221;.vc_custom_1693783599912{margin-bottom: 0px !important;}&#8221;]SFA &#8211; S\u00c9RGIO FERREIRA ARQUITETOS[\/vc_column_text][mk_social_networks style=&#8221;simple&#8221; margin=&#8221;10&#8243; icon_color=&#8221;#ffffff&#8221; icon_hover_color=&#8221;#e5e5e5&#8243; facebook=&#8221;https:\/\/www.facebook.com\/arquitetosergioferreira\/&#8221; instagram=&#8221;https:\/\/www.instagram.com\/arq.sergioferreira\/&#8221; linkedin=&#8221;https:\/\/www.linkedin.com\/in\/s%C3%A9rgio-ferreira-arquiteto-106a029a\/&#8221; youtube=&#8221;https:\/\/www.youtube.com\/@sergioferreiraarquitetos8906\/videos&#8221;][\/vc_column][\/mk_page_section][mk_page_section bg_color=&#8221;#262626&#8243; padding_top=&#8221;200&#8243; padding_bottom=&#8221;300&#8243; section_id=&#8221;quemsomos&#8221; sidebar=&#8221;sidebar-1&#8243;][vc_column][mk_fancy_title color=&#8221;#ffffff&#8221; size=&#8221;35&#8243; font_weight=&#8221;200&#8243; txt_transform=&#8221;uppercase&#8221; font_family=&#8221;Lato&#8221; font_type=&#8221;google&#8221;]QUEM SOMOS[\/mk_fancy_title][vc_column_text css=&#8221;.vc_custom_1697491443551{margin-bottom: 0px !important;}&#8221;]A [&hellip;]<\/p>\n","protected":false},"author":1,"featured_media":0,"parent":0,"menu_order":0,"comment_status":"closed","ping_status":"closed","template":"","meta":{"footnotes":""},"class_list":["post-31","page","type-page","status-publish","hentry"],"_links":{"self":[{"href":"https:\/\/sfarquitetos.com\/pt\/wp-json\/wp\/v2\/pages\/31","targetHints":{"allow":["GET"]}}],"collection":[{"href":"https:\/\/sfarquitetos.com\/pt\/wp-json\/wp\/v2\/pages"}],"about":[{"href":"https:\/\/sfarquitetos.com\/pt\/wp-json\/wp\/v2\/types\/page"}],"author":[{"embeddable":true,"href":"https:\/\/sfarquitetos.com\/pt\/wp-json\/wp\/v2\/users\/1"}],"replies":[{"embeddable":true,"href":"https:\/\/sfarquitetos.com\/pt\/wp-json\/wp\/v2\/comments?post=31"}],"version-history":[{"count":4,"href":"https:\/\/sfarquitetos.com\/pt\/wp-json\/wp\/v2\/pages\/31\/revisions"}],"predecessor-version":[{"id":543,"href":"https:\/\/sfarquitetos.com\/pt\/wp-json\/wp\/v2\/pages\/31\/revisions\/543"}],"wp:attachment":[{"href":"https:\/\/sfarquitetos.com\/pt\/wp-json\/wp\/v2\/media?parent=31"}],"curies":[{"name":"wp","href":"https:\/\/api.w.org\/{rel}","templated":true}]}}

[mk_page_section bg_image=&#8221;https://sfarquitetos.zoominstudio.pt/dev/wp-content/uploads/2023/09/pic_1.jpg&#8221; bg_position=&#8221;center center&#8221; bg_repeat=&#8221;no-repeat&#8221; bg_stretch=&#8221;true&#8221; enable_3d=&#8221;true&#8221; bg_video=&#8221;yes&#8221; video_source=&#8221;social&#8221; poster_image=&#8221;https://sfarquitetos.zoominstudio.pt/dev/wp-content/uploads/2023/09/pic_1.jpg&#8221; stream_video_id=&#8221;VPhnXU0xXEY&#8221; full_height=&#8221;true&#8221; sidebar=&#8221;sidebar-1&#8243;][vc_column][mk_fancy_title color=&#8221;#ffffff&#8221; size=&#8221;55&#8243; font_weight=&#8221;200&#8243; txt_transform=&#8221;uppercase&#8221; font_family=&#8221;Lato&#8221; font_type=&#8221;google&#8221;]VISÃO ÚNICA<br />
FUNCIONAL E ESTÉTICAMENTE<br />
AGRADÁVEL[/mk_fancy_title][vc_column_text margin_bottom=&#8221;-20&#8243; css=&#8221;.vc_custom_1693783599912{margin-bottom: 0px !important;}&#8221;]<span style="color: #ffffff;">SFA &#8211; SÉRGIO FERREIRA ARQUITETOS</span>[/vc_column_text][mk_social_networks style=&#8221;simple&#8221; margin=&#8221;10&#8243; icon_color=&#8221;#ffffff&#8221; icon_hover_color=&#8221;#e5e5e5&#8243; facebook=&#8221;https://www.facebook.com/arquitetosergioferreira/&#8221; instagram=&#8221;https://www.instagram.com/arq.sergioferreira/&#8221; linkedin=&#8221;https://www.linkedin.com/in/s%C3%A9rgio-ferreira-arquiteto-106a029a/&#8221; youtube=&#8221;https://www.youtube.com/@sergioferreiraarquitetos8906/videos&#8221;][/vc_column][/mk_page_section][mk_page_section bg_color=&#8221;#262626&#8243; padding_top=&#8221;200&#8243; padding_bottom=&#8221;300&#8243; section_id=&#8221;quemsomos&#8221; sidebar=&#8221;sidebar-1&#8243;][vc_column][mk_fancy_title color=&#8221;#ffffff&#8221; size=&#8221;35&#8243; font_weight=&#8221;200&#8243; txt_transform=&#8221;uppercase&#8221; font_family=&#8221;Lato&#8221; font_type=&#8221;google&#8221;]QUEM SOMOS[/mk_fancy_title][vc_column_text css=&#8221;.vc_custom_1697491443551{margin-bottom: 0px !important;}&#8221;]<span style="color: #ffffff;">A SFA &#8211; Sérgio Ferreira Arquitectos é um atelier que se concentra na multidisciplinaridade dos seus projectos arquitectónicos. Oferecemos aos nossos clientes uma visão única, funcional e esteticamente agradável. O nosso trabalho destaca-se devido aos nossos projetos inovadores. Dedicamo-nos a fornecer aos nossos clientes uma visão integrada e especializada que os ajude a enfrentar os seus desafios. Garantimos os mais elevados padrões de qualidade no nosso trabalho, desde a ideia até à implementação do projeto, gerindo eficiência em cada fase do processo. Compreendemos que o setor requer rigor e especificidade nos serviços prestados. É por isso que nos certificamos de prestar atenção especial a cada projeto, acompanhando o seu progresso em cada passo do caminho</span>[/vc_column_text][/vc_column][/mk_page_section][mk_page_section padding_top=&#8221;200&#8243; padding_bottom=&#8221;300&#8243; section_id=&#8221;equipa&#8221; sidebar=&#8221;sidebar-1&#8243;][vc_column][mk_fancy_title color=&#8221;#1e1e1e&#8221; size=&#8221;35&#8243; font_weight=&#8221;300&#8243; txt_transform=&#8221;uppercase&#8221; font_family=&#8221;Lato&#8221; font_type=&#8221;google&#8221;]EQUIPA[/mk_fancy_title][mk_employees column=&#8221;4&#8243; rounded_image=&#8221;false&#8221; description=&#8221;false&#8221;][/vc_column][/mk_page_section][mk_page_section padding_top=&#8221;200&#8243; padding_bottom=&#8221;300&#8243; section_id=&#8221;atelier&#8221; sidebar=&#8221;sidebar-1&#8243;][vc_column][mk_fancy_title color=&#8221;#1e1e1e&#8221; size=&#8221;35&#8243; font_weight=&#8221;300&#8243; txt_transform=&#8221;uppercase&#8221; font_family=&#8221;Lato&#8221; font_type=&#8221;google&#8221;]ATELIER[/mk_fancy_title][mk_gallery images=&#8221;269,270,271,272,273,274&#8243; column=&#8221;4&#8243; height=&#8221;350&#8243; item_spacing=&#8221;1&#8243; margin_bottom=&#8221;1&#8243;][/vc_column][/mk_page_section][mk_page_section padding_top=&#8221;200&#8243; padding_bottom=&#8221;300&#8243; section_id=&#8221;servicos&#8221; sidebar=&#8221;sidebar-1&#8243;][vc_column][mk_fancy_title color=&#8221;#1e1e1e&#8221; size=&#8221;35&#8243; font_weight=&#8221;300&#8243; txt_transform=&#8221;uppercase&#8221; font_family=&#8221;Lato&#8221; font_type=&#8221;google&#8221;]SERVIÇOS[/mk_fancy_title][vc_column_text css=&#8221;.vc_custom_1697401884547{margin-bottom: 0px !important;}&#8221;]<span style="color: #000000;">&#8211; Projetos de Arquitetura / Construções novas, Ampliações, Reconstruções, Recuperações, Reabilitações, Legalizações /</span><br />
<span style="color: #000000;">&#8211; Gestão e fiscalização de Obra</span><br />
<span style="color: #000000;">&#8211; Certificados energéticos</span><br />
<span style="color: #000000;">&#8211; Projetos de Engenharia</span><br />
<span style="color: #000000;">&#8211; Propriedade horizontal</span><br />
<span style="color: #000000;">&#8211; Design de Interiores</span><br />
<span style="color: #000000;">&#8211; Loteamentos</span>[/vc_column_text][/vc_column][/mk_page_section][mk_page_section padding_top=&#8221;200&#8243; padding_bottom=&#8221;200&#8243; section_id=&#8221;projetos&#8221; sidebar=&#8221;sidebar-1&#8243;][vc_column][mk_fancy_title color=&#8221;#1e1e1e&#8221; size=&#8221;35&#8243; font_weight=&#8221;300&#8243; txt_transform=&#8221;uppercase&#8221; font_family=&#8221;Lato&#8221; font_type=&#8221;google&#8221;]PROJETOS[/mk_fancy_title][mk_portfolio style=&#8221;grid&#8221; grid_spacing=&#8221;1&#8243; height=&#8221;500&#8243; column=&#8221;4&#8243; permalink_icon_name=&#8221;mk-jupiter-icon-plus&#8221; zoom_icon_name=&#8221;mk-li-view&#8221; sortable_all_text=&#8221;TODOS&#8221; pagination=&#8221;false&#8221;][/vc_column][/mk_page_section][mk_page_section padding_top=&#8221;200&#8243; padding_bottom=&#8221;300&#8243; section_id=&#8221;contatos&#8221; sidebar=&#8221;sidebar-1&#8243;][vc_column][mk_fancy_title color=&#8221;#1e1e1e&#8221; size=&#8221;35&#8243; font_weight=&#8221;300&#8243; txt_transform=&#8221;uppercase&#8221; font_family=&#8221;Lato&#8221; font_type=&#8221;google&#8221;]CONTATOS[/mk_fancy_title][vc_column_text css=&#8221;.vc_custom_1727999165321{margin-bottom: 0px !important;}&#8221;]SFA &#8211; SÉRGIO FERREIRA ARQUITETOS<br />
TM // +351 937 737 351<br />
FIXO // 259 095 575<br />
E-MAIL // GERAL@ARQUITETOS.COM<br />
MORADA // RUA DE TRÁS, RC, LJ B, 5060-326 SABROSA, PORTUGAL[/vc_column_text][mk_social_networks style=&#8221;simple&#8221; margin=&#8221;10&#8243; icon_color=&#8221;#878787&#8243; icon_hover_color=&#8221;#3a3a3a&#8221; facebook=&#8221;https://www.facebook.com/arquitetosergioferreira/about?locale=pt_PT&#8221; instagram=&#8221;https://www.instagram.com/arq.sergioferreira/&#8221; linkedin=&#8221;https://www.linkedin.com/in/s%C3%A9rgio-ferreira-arquiteto-106a029a/&#8221; youtube=&#8221;https://www.youtube.com/@sergioferreiraarquitetos8906/videos&#8221;]
<div class="wpcf7 no-js" id="wpcf7-f26-o1" lang="pt-PT" dir="ltr" data-wpcf7-id="26">
<div class="screen-reader-response"><p role="status" aria-live="polite" aria-atomic="true"></p> <ul></ul></div>
<form action="/pt/wp-json/wp/v2/pages/31#wpcf7-f26-o1" method="post" class="wpcf7-form init" aria-label="Formulário de contacto" novalidate="novalidate" data-status="init">
<fieldset class="hidden-fields-container"><input type="hidden" name="_wpcf7" value="26" /><input type="hidden" name="_wpcf7_version" value="6.1.1" /><input type="hidden" name="_wpcf7_locale" value="pt_PT" /><input type="hidden" name="_wpcf7_unit_tag" value="wpcf7-f26-o1" /><input type="hidden" name="_wpcf7_container_post" value="0" /><input type="hidden" name="_wpcf7_posted_data_hash" value="" />
</fieldset>
<p><label> NOME<br />
<span class="wpcf7-form-control-wrap" data-name="your-name"><input size="40" maxlength="400" class="wpcf7-form-control wpcf7-text wpcf7-validates-as-required" autocomplete="name" aria-required="true" aria-invalid="false" value="" type="text" name="your-name" /></span> </label>
</p>
<p><label> EMAIL<br />
<span class="wpcf7-form-control-wrap" data-name="your-email"><input size="40" maxlength="400" class="wpcf7-form-control wpcf7-email wpcf7-validates-as-required wpcf7-text wpcf7-validates-as-email" autocomplete="email" aria-required="true" aria-invalid="false" value="" type="email" name="your-email" /></span> </label>
</p>
<p><label> ASSUNTO<br />
<span class="wpcf7-form-control-wrap" data-name="your-subject"><input size="40" maxlength="400" class="wpcf7-form-control wpcf7-text wpcf7-validates-as-required" aria-required="true" aria-invalid="false" value="" type="text" name="your-subject" /></span> </label>
</p>
<p><label> MENSAGEM*<br />
<span class="wpcf7-form-control-wrap" data-name="your-message"><textarea cols="40" rows="10" maxlength="2000" class="wpcf7-form-control wpcf7-textarea" aria-invalid="false" name="your-message"></textarea></span> </label>
</p>
<p><input class="wpcf7-form-control wpcf7-submit has-spinner" type="submit" value="ENVIAR" />
</p><div class="wpcf7-response-output" aria-hidden="true"></div><input type="hidden" value="0" class="cf7-thankyou-page-failed" ><input type="hidden" value="0" class="cf7-thankyou-page-success" ><input id="cf7_whatsapp_data_26" type="hidden" value="Form: [form-id]
Data:
[all]
Thank you" class="cf7_whatsapp_data" ><input id="cf7_whatsapp_link_26" type="hidden" value="" class="cf7_whatsapp_link" >
</form>
</div>
[/vc_column][/mk_page_section]

<p>[mk_page_section bg_image=&#8221;https://sfarquitetos.zoominstudio.pt/dev/wp-content/uploads/2023/09/pic_1.jpg&#8221; bg_position=&#8221;center center&#8221; bg_repeat=&#8221;no-repeat&#8221; bg_stretch=&#8221;true&#8221; enable_3d=&#8221;true&#8221; bg_video=&#8221;yes&#8221; video_source=&#8221;social&#8221; poster_image=&#8221;https://sfarquitetos.zoominstudio.pt/dev/wp-content/uploads/2023/09/pic_1.jpg&#8221; stream_video_id=&#8221;VPhnXU0xXEY&#8221; full_height=&#8221;true&#8221; sidebar=&#8221;sidebar-1&#8243;][vc_column][mk_fancy_title color=&#8221;#ffffff&#8221; size=&#8221;55&#8243; font_weight=&#8221;200&#8243; txt_transform=&#8221;uppercase&#8221; font_family=&#8221;Lato&#8221; font_type=&#8221;google&#8221;]VISÃO ÚNICA FUNCIONAL E ESTÉTICAMENTE AGRADÁVEL[/mk_fancy_title][vc_column_text margin_bottom=&#8221;-20&#8243; css=&#8221;.vc_custom_1693783599912{margin-bottom: 0px !important;}&#8221;]SFA &#8211; SÉRGIO FERREIRA ARQUITETOS[/vc_column_text][mk_social_networks style=&#8221;simple&#8221; margin=&#8221;10&#8243; icon_color=&#8221;#ffffff&#8221; icon_hover_color=&#8221;#e5e5e5&#8243; facebook=&#8221;https://www.facebook.com/arquitetosergioferreira/&#8221; instagram=&#8221;https://www.instagram.com/arq.sergioferreira/&#8221; linkedin=&#8221;https://www.linkedin.com/in/s%C3%A9rgio-ferreira-arquiteto-106a029a/&#8221; youtube=&#8221;https://www.youtube.com/@sergioferreiraarquitetos8906/videos&#8221;][/vc_column][/mk_page_section][mk_page_section bg_color=&#8221;#262626&#8243; padding_top=&#8221;200&#8243; padding_bottom=&#8221;300&#8243; section_id=&#8221;quemsomos&#8221; sidebar=&#8221;sidebar-1&#8243;][vc_column][mk_fancy_title color=&#8221;#ffffff&#8221; size=&#8221;35&#8243; font_weight=&#8221;200&#8243; txt_transform=&#8221;uppercase&#8221; font_family=&#8221;Lato&#8221; font_type=&#8221;google&#8221;]QUEM SOMOS[/mk_fancy_title][vc_column_text css=&#8221;.vc_custom_1697491443551{margin-bottom: 0px !important;}&#8221;]A [&hellip;]</p>
